emainder when 21946 is divided by 91.
15
Calculate the remainder when 13821 is divided by 434.
367
What is the remainder when 113582 is divided by 292?
286
Calculate the remainder when 14735 is divided by 99.
83
What is the remainder when 5717 is divided by 55?
52
Calculate the remainder when 321 is divided by 300.
21
Calculate the remainder when 1868 is divided by 584.
116
Calculate the remainder when 24284 is divided by 2.
0
What is the remainder when 11129 is divided by 876?
617
What is the remainder when 488 is divided by 315?
173
Calculate the remainder when 216886 is divided by 8.
6
What is the remainder when 1491 is divided by 156?
87
What is the remainder when 148244 is divided by 888?
836
Calculate the remainder when 119206 is divided by 7012.
2
What is the remainder when 1101 is divided by 64?
13
Calculate the remainder when 1079 is divided by 128.
55
Calculate the remainder when 9259 is divided by 3061.
76
What is the remainder when 138698 is divided by 20?
18
What is the remainder when 15419 is divided by 5117?
68
What is the remainder when 1226249 is divided by 2701?
2696
Calculate the remainder when 23475 is divided by 712.
691
Calculate the remainder when 6713 is divided by 249.
239
Calculate the remainder when 5941 is divided by 423.
19
Calculate the remainder when 102444 is divided by 563.
541
Calculate the remainder when 38043 is divided by 5434.
5
What is the remainder when 91913 is divided by 22?
19
What is the remainder when 34098 is divided by 682?
680
Calculate the remainder when 76128 is divided by 307.
299
What is the remainder when 22384 is divided by 215?
24
What is the remainder when 195522 is divided by 13962?
54
Calculate the remainder when 1226751 is divided by 18.
15
Calculate the remainder when 201346 is divided by 357.
355
What is the remainder when 64148 is divided by 88?
84
What is the remainder when 2408060 is divided by 64?
60
What is the remainder when 368638 is divided by 32?
30
What is the remainder when 2799 is divided by 242?
137
Calculate the remainder when 3808 is divided by 20.
8
Calculate the remainder when 4090 is divided by 9.
4
What is the remainder when 141334 is divided by 439?
415
What is the remainder when 656780 is divided by 9?
5
Calculate the remainder when 14239 is divided by 444.
31
What is the remainder when 590 is divided by 15?
5
Calculate the remainder when 468375 is divided by 62.
27
What is the remainder when 739 is divided by 315?
109
Calculate the remainder when 169826 is divided by 459.
455
Calculate the remainder when 62110 is divided by 153.
145
Calculate the remainder when 373396 is divided by 20.
16
What is the remainder when 649914 is divided by 27?
24
What is the remainder when 6028 is divided by 500?
28
What is the remainder when 6426 is divided by 881?
259
Calculate the remainder when 1277 is divided by 424.
5
Calculate the remainder when 7124 is divided by 1212.
1064
Calculate the remainder when 3794 is divided by 9.
5
Calculate the remainder when 11999 is divided by 353.
350
What is the remainder when 2334 is divided by 42?
24
What is the remainder when 28517 is divided by 381?
323
Calculate the remainder when 27279 is divided by 33.
21
What is the remainder when 50871 is divided by 104?
15
Calculate the remainder when 89623 is divided by 2084.
11
What is the remainder when 3616 is divided by 256?
32
Calculate the remainder when 304300 is divided by 508.
8
What is the remainder when 66249 is divided by 2547?
27
What is the remainder when 5259623 is divided by 12?
11
Calculate the remainder when 2319419 is divided by 465.
464
What is the remainder when 12221 is divided by 245?
216
What is the remainder when 1790195 is divided by 19?
15
Calculate the remainder when 13023 is divided by 2457.
738
Calculate the remainder when 1725 is divided by 63.
24
What is the remainder when 4652 is divided by 359?
344
Calculate the remainder when 419 is divided by 118.
65
Calculate the remainder when 5468 is divided by 670.
108
What is the remainder when 273142 is divided by 91039?
25
Calculate the remainder when 8257 is divided by 2748.
13
What is the remainder when 24886 is divided by 3554?
8
What is the remainder when 4695 is divided by 361?
2
What is the remainder when 7256 is divided by 119?
116
What is the remainder when 9687 is divided by 4516?
655
What is the remainder when 1298 is divided by 1260?
38
Calculate the remainder when 302664 is divided by 100882.
18
What is the remainder when 85 is divided by 67?
18
Calculate the remainder when 10038 is divided by 5014.
10
What is the remainder when 14442 is divided by 85?
77
What is the remainder when 55910 is divided by 187?
184
What is the remainder when 609138 is divided by 532?
530
Calculate the remainder when 4286 is divided by 484.
414
Calculate the remainder when 4115 is divided by 273.
20
Calculate the remainder when 74279 is divided by 766.
743
Calculate the remainder when 4798907 is divided by 18.
17
Calculate the remainder when 25373 is divided by 32.
29
Calculate the remainder when 205149 is divided by 66.
21
Calculate the remainder when 52472 is divided by 224.
56
What is the remainder when 5307 is divided by 757?
8
Calculate the remainder when 22966 is divided by 370.
26
What is the remainder when 190283 is divided by 19?
17
Calculate the remainder when 166176 is divided by 70.
66
Calculate the remainder when 71766 is divided by 71756.
10
Calculate the remainder when 195 is divided by 46.
11
Calculate the remainder when 25793 is divided by 1174.
1139
What is the remainder when 225874 is divided by 6844?
22
Calculate the remainder when 1438 is divided by 180.
178
What is the remainder when 6186 is divided by 1058?
896
What is the remainder when 748 is divided by 183?
16
What is the remainder when 117287 is divided by 216?
215
What is the remainder when 6098 is divided by 1965?
203
What is the remainder when 173995 is divided by 80?
75
What is the remainder when 4816 is divided by 23?
9
Calculate the remainder when 11171 is divided by 321.
257
Calculate the remainder when 5859 is divided by 1463.
7
What is the remainder when 15871 is divided by 126?
121
Calculate the remainder when 301507 is divided by 55.
52
Calculate the remainder when 64768 is divided by 172.
96
Calculate the remainder when 10257 is divided by 127.
97
What is the remainder when 3332 is divided by 1647?
38
What is the remainder when 19200 is divided by 75?
0
What is the remainder when 173650 is divided by 96?
82
Calculate the remainder when 24485 is divided by 114.
89
Calculate the remainder when 7785 is divided by 144.
9
What is the remainder when 43561 is divided by 165?
1
What is the remainder when 1679 is divided by 275?
29
What is the remainder when 519839 is divided by 160?
159
What is the remainder when 533085 is divided by 96?
93
Calculate the remainder when 11139 is divided by 10.
9
What is the remainder when 90590 is divided by 12?
2
What is the remainder when 107206 is divided by 5?
1
Calculate the remainder when 68358 is divided by 17085.
18
What is the remainder when 7617 is divided by 1511?
62
Calculate the remainder when 82247 is divided by 83.
77
What is the remainder when 4133 is divided by 513?
29
Calculate the remainder when 710944 is divided by 14.
10
Calculate the remainder when 218746 is divided by 163.
0
Calculate the remainder when 4562 is divided by 3829.
733
What is the remainder when 55192 is divided by 19?
16
Calculate the remainder when 2040601 is divided by 1020299.
3
What is the remainder when 47743 is divided by 12?
7
What is the remainder when 10065 is divided by 359?
13
Calculate the remainder when 412306 is divided by 18.
16
What is the remainder when 1472 is divided by 31?
15
What is the remainder when 1668 is divided by 277?
6
Calculate the remainder when 1192077 is divided by 19.
17
Calculate the remainder when 3086 is divided by 111.
89
What is the remainder when 183691 is divided by 528?
475
Calculate the remainder when 11778 is divided by 1005.
723
Calculate the remainder when 64463 is divided by 297.
14
Calculate the remainder when 343 is divided by 44.
35
Calculate the remainder when 22263 is divided by 1285.
418
What is the remainder when 3522 is divided by 36?
30
Calculate the remainder when 280666 is